. Calculate t(-5).
-7
Let h(g) = 16*g + 92. Determine h(-7).
-20
Let m(a) = -85*a**2 + 335*a + 8. Determine m(4).
-12
Let y(q) = -41*q + 501. What is y(15)?
-114
Let k(j) = -17176*j - 68712. Calculate k(-4).
-8
Let h(k) = -349*k - 1903. What is h(-6)?
191
Let r(t) = -2*t**3 - 63*t**2 + 19*t - 73. What is r(-32)?
343
Let q(s) = -188*s + 3195. Give q(17).
-1
Let r(c) = c**3 - 49*c**2 - 78*c - 1223. Calculate r(51).
1
Let x(h) = -2*h**3 + 20*h**2 - 46*h + 389. Give x(10).
-71
Let i(p) = -1486*p + 26749. Determine i(18).
1
Let j(u) = 827*u - 5757. Give j(7).
32
Let k(a) = 2*a**3 + 49*a**2 + 24*a. What is k(-24)?
0
Let n(h) = 24*h**3 + 2*h**2 + 8*h + 12. Determine n(-2).
-188
Let n(u) = 3*u**3 - 5*u**2 - 11*u - 1. Give n(-1).
2
Let z(c) = c**3 + 82*c**2 - 150*c + 1500. Determine z(-84).
-12
Let k(l) = 9*l**3 - 14*l**2 - 4*l + 24. Determine k(-4).
-760
Let n(x) = -x**3 + 34*x**2 - 88*x - 10. Determine n(31).
145
Let y(i) = -i**3 - 19*i**2 + 503*i - 250. Give y(-34).
-12
Let i(y) = -1083*y - 147295. Give i(-136).
-7
Let x(b) = -b**3 - 12*b**2 - 9*b - 4. Determine x(-12).
104
Let j(g) = 4*g**3 + 27*g**2 - 854*g - 5933. What is j(-7)?
-4
Let i(z) = -7*z**2 - 467*z + 125. Calculate i(-67).
-9
Let g(y) = 20*y**3 - y**2 - 7*y + 11. Give g(2).
153
Let y(b) = 110*b + 272. Give y(-3).
-58
Let m(q) = 8*q**3 + 3*q**2 - 34*q + 59. Determine m(2).
67
Let v(k) = -k**2 - 56*k - 165. Give v(-53).
-6
Let n(q) = -q**2 + 68*q - 495. What is n(59)?
36
Let d(s) = 22*s - 43. What is d(2)?
1
Let b(z) = -z**3 - 12*z**2 - 11*z + 124. Determine b(-9).
-20
Let f(q) = q**3 + 110*q**2 + 105*q - 512. Calculate f(-109).
-76
Let i(a) = -a**2 - 107*a + 453. What is i(4)?
9
Let s(t) = -t**3 + t**2 - 53. What is s(0)?
-53
Let g(t) = -9*t**2 + 165*t + 10. What is g(18)?
64
Let q(x) = 98*x**2 + 124*x + 4. Determine q(-4).
1076
Let a(h) = -h**3 + h**2 + 113*h + 29. Calculate a(-10).
-1
Let m(l) = 19*l + 192. Determine m(-21).
-207
Let a(s) = s**2 + 100*s + 2487. Determine a(-46).
3
Let w(h) = -h**3 - 21*h**2 + 34*h + 47. What is w(-23)?
323
Let o(i) = i**3 - 22*i**2 + 58*i + 268. Determine o(18).
16
Let l(x) = 25*x + 186. Calculate l(-11).
-89
Let y(g) = g**2 - 7*g - 281. Calculate y(20).
-21
Let h(m) = m**3 + 61*m**2 + m + 109. Calculate h(-61).
48
Let p(n) = -53*n - 478. What is p(-9)?
-1
Let q(i) = 97*i**2 - 2036*i - 17. Give q(21).
4
Let m(y) = -7*y**2 + 14*y + 2. Give m(1).
9
Let l(o) = -17*o**2 + 21*o - 48. Calculate l(2).
-74
Let r(j) = -j**2 - 49*j - 122. Give r(-49).
-122
Let i(h) = 3*h**3 - 8*h**2 + 3*h. Determine i(3).
18
Let s(z) = 3*z**2 - 32*z + 136. Calculate s(5).
51
Let g(p) = 4*p**2 + 69*p - 1266. Calculate g(-28).
-62
Let z(g) = -g**2 - 4*g + 19. Determine z(6).
-41
Let m(j) = -j**2 + 4*j + 1. Determine m(-3).
-20
Let u(p) = -160*p - 52. Calculate u(2).
-372
Let q(c) = 3*c**3 + 195*c**2 - 1748*c - 22. What is q(8)?
10
Let w(x) = x**3 - 18*x**2 - 25*x + 87. Calculate w(19).
-27
Let r(b) = b**2 + 52*b + 112. What is r(-49)?
-35
Let z(n) = 7*n**2 + 13*n - 16. Determine z(4).
148
Let m(k) = -54*k**3 - k**2 - 2*k + 7. Give m(-1).
62
Let z(p) = p**3 - 7*p**2 + 3*p + 28. Calculate z(5).
-7
Let l(n) = -371*n - 1497. Calculate l(-4).
-13
Let z(i) = -4*i**2 + 670*i - 196. Determine z(167).
138
Let z(a) = -a**2 + 116. Determine z(9).
35
Let l(r) = r**3 - 32*r**2 + 101*r + 913. Calculate l(27).
-5
Let u(q) = -59*q - 454. Calculate u(-8).
18
Let g(w) = -16*w**2 - 643*w - 85. Determine g(-40).
35
Let w(p) = 4*p**2 + 2*p + 3. Calculate w(-1).
5
Let j(q) = -q**2 + 2*q + 107. Calculate j(10).
27
Let f(j) = -j**2 + 5*j. What is f(6)?
-6
Let s(d) = d**3 + 16*d**2 - 7*d + 181. Determine s(-17).
11
Let h(c) = -c**2 - 1948*c + 13702. Calculate h(7).
17
Let s(a) = -a**3 + 11*a**2 - 8*a - 71. Calculate s(9).
19
Let d(r) = -20*r**2 - 976*r - 109. Calculate d(-49).
-305
Let f(i) = -231*i + 1380. What is f(6)?
-6
Let w(y) = 1779*y - 19573. Calculate w(11).
-4
Let k(m) = -m**2 + 30*m - 216. Calculate k(16).
8
Let h(n) = 4*n**2 - 64*n - 202. Calculate h(20).
118
Let z(g) = -49*g + 164. Determine z(3).
17
Let q(m) = 2*m**3 + 418*m**2 - 842*m + 419. Determine q(-211).
-3
Let l(g) = 4*g**3 + 32*g**2 - g - 11. What is l(-9)?
-326
Let h(n) = -n**3 - 46*n**2 + 167*n + 984. Determine h(-49).
4
Let k(d) = -15*d**2 + 36*d - 5. Give k(7).
-488
Let r(c) = -42*c - 4. Calculate r(-1).
38
Let j(h) = -250*h - 31786. Determine j(-127).
-36
Let i(r) = 134*r - 1337. Give i(10).
3
Let x(q) = 1232*q - 12301. Calculate x(10).
19
Let d(a) = a**3 + 4*a**2 - 14*a - 6. What is d(-7)?
-55
Let a(w) = -37*w + 223. Calculate a(6).
1
Let o(j) = 5*j**3 + 36*j**2 + 115*j + 766. Give o(-7).
10
Let q(k) = -k**2 - 21*k - 82. Calculate q(-14).
16
Let c(p) = p**3 - 25*p**2 - 118*p + 9. What is c(-4)?
17
Let z(p) = 7220*p + 86642. Determine z(-12).
2
Let s(y) = -10*y**2 + 53*y + 2. What is s(8)?
-214
Let f(g) = -g**3 + 12*g**2 + 8*g + 264. Calculate f(14).
-16
Let n(d) = 69*d - 13. Calculate n(-4).
-289
Let z(r) = -92*r**2 - 1099*r + 65. What is z(-12)?
5
Let q(g) = -944*g - 90618. What is q(-96)?
6
Let r(q) = -151*q - 167. Determine r(-5).
588
Let u(s) = -s**2 - 188*s + 1598. Determine u(8).
30
Let l(x) = -50*x - 205. Calculate l(-2).
-105
Let q(f) = 1934*f + 29007. Determine q(-15).
-3
Let o(x) = -42*x**2 + 120*x + 3. Determine o(3).
-15
Let f(x) = -464*x - 1711. What is f(-5)?
609
Let k(z) = z**3 - 47*z**2 + 109*z - 818. What is k(45)?
37
Let b(o) = 277*o - 3943. Determine b(14).
-65
Let a(u) = -u**3 + 7*u**2 + 2*u + 134. What is a(9)?
-10
Let r(f) = -f**3 - 22*f**2 - 15*f + 122. Give r(-21).
-4
Let v(m) = -m**3 + 79*m**2 + 239*m + 565. What is v(82)?
-9
Let w(r) = -878*r - 6161. Give w(-7).
-15
Let r(c) = 38*c - 859. Determine r(25).
91
Let m(v) = -39*v**2 - 3875*v - 1380. Determine m(-99).
6
Let x(t) = -2*t**3 - 50*t**2 + 54*t + 100. Give x(-26).
48
Let j(a) = -2*a**2 - 6*a + 41. Give j(4).
-15
Let z(f) = -1109*f + 101. What is z(0)?
101
Let j(u) = -2*u**2 - 40*u + 210. Calculate j(5).
-40
Let l(m) = -m**3 + 8*m**2 - m - 12. Calculate l(0).
-12
Let h(v) = -3645*v + 32852. Calculate h(9).
47
Let n(v) = 570*v**3 + 3*v**2 + v - 1. Give n(-1).
-569
Let p(m) = m**3 - 8*m**2 - 130*m + 1046. Give p(9).
-43
Let v(x) = 4*x**2 - 338*x + 1460. Determine v(80).
20
Let v(t) = t**2 - 25*t - 908. What is v(45)?
-8
Let y(s) = s**3 - 18*s**2 + 31*s - 231. What is y(17)?
7
Let w(h) = -7*h**2 + 11*h - 2. Calculate w(4).
-70
Let o(i) = -200*i. What is o(-2)?
400
Let l(a) = -a**3 + 40*a**2 + 56*a - 605. Give l(41).
10
Let y(i) = 2*i**3 + 68*i**2 - 149*i - 184. Determine y(-36).
-4
Let c(m) = -45*m - 188. Determine c(-8).
172
Let v(m) = m**2 - 223*m + 6737. Calculate v(187).
5
Let a(i) = -i**3 + 10*i**2 - 39*i + 96. Give a(5).
26
Let g(d) = -10*d - 10. Give g(14).
-150
Let a(g) = g**3 - 15*g**2 - g + 10. What is a(5)?
-245
Let b(t) = 111*t + 2668. What is b(-24)?
4
Let d(y) = y**3 - 8*y**2 - 20*y - 63. Give d(10).
-63
Let i(x) = -x**3 + 19*x**2 - 23*x + 5. Give i(4).
153
Let i(o) = -o**3 + 17*o**2 + 233*o + 25. Calculate i(26).
-1
Let u(n) = -5*n**2 - 25*n - 102. Give u(-10).
-352
Let m(j) = 79*j + 177. Give m(-3).
-60
Let c(a) = -2*a - 225. Give c(-28).
-169
Let h(i) = i**3 + 66*i**2 + 138*i + 643. Give h(-64).
3
Let q(u) = 166*u + 991. Calculate q(-10).
-669
Let u(a) = -8*a**3 - 13*a**2 + 9. Calculate u(-3).
108
Let o(f) = -f**3 - 33*f**2 + 39*f + 3143. Give o(-31).
12
Let h(g) = -9*g**2 - 153*g + 2. What is h(-17)?
2
Let d(v) = -v**3 + 4*v**2 + 42*v - 119. What is d(3)?
16
Let h(u) = u**2 + 30*u + 123. Give h(-25).
-2
Let g(q) = -496*q - 1986. Determine g(-4).
-2
Let y(k) = k**2 - 6*k + 15. Determine y(3).
6
Let v(m) = -3*m**3 - 31*m**2 - 9*m + 12. Determine v(-10).
2
Let a(d) = d + 72. Give a(18).
90
Let m(h) = 9*h**2 + 305*h - 8412. What is m(18)?
-6
Let z(i) = -i**3 - 68*i**2 - 149*i - 1126. Calculate z(-66).
-4
Let h(x) = -10*x - 318. What is h(-31)?
-8
Let d(q) = -2*q**2 - 49*q - 70. Calculate d(-21).
77
Let p(b) = 78*b + 25. Give p(-2).
-131
Let m(c) = -2*c**2 + 89*c - 7. Give m(45).
-52
Let k(c) = -c + 71. Determine k(-7).
78
Let a(p) = -8*p**2 - 72*p + 481. Determine a(7).
-415
Let o(u) = 104*u - 8534. Calculate o(82).
-6
Let z(y) = -y**3 + 11*y**2 - 5*y - 622. Calculate z(0).
-622
Let v(b) = -102*b + 4093. Give v(40).
13
Let r(d) = -